5
Let v = 217 - -59. Suppose -i - r + v = 0, -r + 1 + 3 = 0. Calculate the greatest common factor of 16 and i.
16
Suppose -4029 - 4899 = -7*h + 795. Calculate the greatest common divisor of 3 and h.
3
Let j(f) = 32*f + 160. Let r be j(10). Calculate the highest common factor of 16000 and r.
160
Let n(x) = -185*x - 192. Let h be n(-6). Calculate the highest common factor of h and 136.
34
Let o be 12/28 - -963*6/42. Suppose -3*p + 4*u = -125, 0 = 3*p - 3*u + 15 - o. Calculate the highest common factor of p and 273.
39
Suppose 99*m + 224 = 131*m. Calculate the greatest common divisor of m and 175.
7
Suppose d - 6 = -y, 6 = -2*d - d + 5*y. Suppose -4*n + 17 + 11 = -3*o, -n = -d*o - 16. Calculate the highest common divisor of 5 and n.
1
Let f(b) = 39*b - 690. Let x be f(19). What is the highest common factor of x and 2499?
51
Let c be (-2*(-3)/12)/((-8)/(-48)). Suppose c*h + 8*i - 36 = 5*i, i = 5. What is the greatest common divisor of 203 and h?
7
Suppose 2*v = -3*h + 1097, 732 = -2*h + 4*h + v. Let a = h + -366. What is the highest common divisor of a and 31?
1
Let u(f) = 7*f**3 - 46*f**2 + 39*f + 2. Let m be u(10). What is the greatest common divisor of m and 32?
8
Let t = -642 - -753. Suppose -122*i + 1672 = -t*i. What is the highest common divisor of 380 and i?
76
Let w be (4/(12/135))/(2 - 7/7). Calculate the greatest common divisor of 125 and w.
5
Suppose 10 = -c + 6*c. Let j(k) = k**3 - 31*k**2 - 3*k + 98. Let a be j(31). Let h be 8/(-10)*(a/2 + -5). What is the greatest common factor of c and h?
2
Let p = 1 + -17. Let u be (2 + 22)*(-20)/p. Let j = u + -22. Calculate the highest common factor of 4 and j.
4
Suppose 3*a = -4*j + 4665, -3*a - 891*j + 888*j = -4662. What is the greatest common divisor of a and 1833?
141
Let a = -1045 + 1049. Suppose 0 = 4*b + 16, -a*b + 128 = 10*n - 6*n. Let l be -54*3/(18/(-28)). What is the greatest common divisor of l and n?
36
Suppose 2*x = 5*n - 888, 348 = -4*n + 6*n + x. Let v(b) = b**2 + 38*b - 534. Let s be v(-50). Calculate the greatest common divisor of s and n.
22
Suppose 5764 - 40724 = -230*i. Suppose -13 - 3 = -v. Calculate the greatest common divisor of i and v.
8
Let l be 3 - (55156/(-16) - 7/(-28)). Calculate the greatest common factor of l and 30.
30
Let a = -321 + 300. Let w be ((-224)/a - 11) + 301/3. Calculate the greatest common factor of 8 and w.
4
Let d be ((-153)/45)/((-4)/20). Suppose 0 = -3*v - v + 68. What is the highest common divisor of d and v?
17
Suppose -3*h - 127 = -403. Let t = 107 - h. Let o = 60 - -45. What is the highest common factor of t and o?
15
Suppose 42*g = 53734 - 3502. Calculate the greatest common divisor of 8073 and g.
299
Suppose 2*m = 13 + 15. Suppose -25 = -2*o + b, 15*o = 13*o - b + 31. What is the greatest common factor of m and o?
14
Let d(z) = 37*z - 1308. Let o be d(48). What is the highest common divisor of 2691 and o?
117
Let u be (1 + -16)/(2/(-4)). Suppose 2*p + 3*p = u. Let a = 6815 - 6809. Calculate the highest common divisor of p and a.
6
Suppose -3*u = -5*t + 143964, 3*t + 3*u - 35613 = 50727. What is the highest common divisor of 12 and t?
12
Let s = -18 + 23. Suppose -41 + 11 = -s*h. Suppose 0 = h*w - 4*w - 140. Calculate the highest common factor of w and 28.
14
Suppose -4166*q + 4178*q - 946 + 298 = 0. What is the greatest common factor of q and 39?
3
Let r(y) = 43 + 3*y - y - 4*y + 4*y. Suppose -5*f = -4*f - 3*a + 16, -f = 4*a + 16. Let g be r(f). What is the highest common divisor of g and 88?
11
Suppose 3*a + 13 = n, 2*n = -5*a - 7 - 22. Let d(p) = p + 5. Let j be d(a). Suppose 5*q + 3*q - 256 = j. Calculate the highest common factor of 224 and q.
32
Let j be (-64)/(-10) + (-6)/(-10). Suppose 2*y = -5*d + 3, -2*d = -2*y - j + 3. Let v be y/(-2)*0 + 9 + -6. What is the highest common divisor of v and 1?
1
Suppose -53*x + 20*x = -264. Let c(a) = -a**2 + 3*a - 1. Let y be c(1). Calculate the highest common divisor of x and y.
1
Suppose k = -3*u + 8, 4*u - 2*u = 3*k - 46. Suppose -40*a = -63*a + 23506. What is the highest common divisor of a and k?
14
Suppose 2*p + 4*i = 10, -2*i + 1 = -3*p - 0. Let a be (-11646)/9*((-20)/(-4))/(-10). Let s = -640 + a. Calculate the greatest common factor of s and p.
1
Let k(c) = 2*c**2 - 4*c + 176. Let x be k(-5). Calculate the highest common divisor of x and 205.
41
Suppose 4*x = -x + 25. Suppose 7*u - 23 = x. Let w be 1/(u/(-6)*2/(-4)). Calculate the highest common divisor of w and 15.
3
Suppose 2*l = -3*j - 1, 7 = 5*l - 4*l - j. Let z = l - 34. Let r = z - -34. What is the highest common divisor of 32 and r?
4
Suppose -2*r + 299 - 107 = 0. Suppose 8*j - 14*j = -r. Calculate the greatest common divisor of 256 and j.
16
Suppose 33292 = 38*o - 37*o + 28*o. What is the highest common factor of 123 and o?
41
Suppose 0*k + 2*v = -3*k + 95, 2*v - 2 = 0. Calculate the greatest common factor of k and 43586.
31
Suppose 26*b = 41*b - 270. Suppose 0 = b*r - 198 - 1386. Calculate the greatest common factor of 11 and r.
11
Let t be -3*(-10)/45*3. Suppose 0 = z - 5, -3*c - t*z - 3*z + 61 = 0. What is the greatest common divisor of 9 and c?
3
Suppose 0*i - 5*i - 15 = 0. Let q be (-2 + 1)*i/3*31. Let f(t) = 17*t**2 - 2*t - 2. Let x be f(2). What is the highest common factor of x and q?
31
Suppose -3*u = -5*n + 112, -32*n - 4*u = -29*n - 44. What is the highest common factor of 24 and n?
4
Let y = 52 - 14. Suppose -2*k + y = 158. Let p be 749/4 - (-3)/(k/5). What is the highest common factor of 17 and p?
17
Suppose 144*q = 117*q + 20466. Let w = q + -746. What is the highest common factor of w and 1800?
12
Let w be (-72)/(-276)*23 + (1 - 1) + 37924. What is the greatest common divisor of 10 and w?
10
Let b be (-2004)/(-22) + 15/(-165). Suppose 3*m - 3*a = 47 + b, -m + 42 = 3*a. Calculate the greatest common divisor of m and 9.
9
Suppose 89*w - 64*w + 75*w = 3400. Calculate the greatest common divisor of 2533 and w.
17
Suppose -3*b + 3*i = -b - 9, 2*b + 5*i - 1 = 0. Let h be 2 + (-3)/6*-2. Let s be (-40)/(-12) + h/(-9). What is the greatest common factor of s and b?
3
Let k be ((-156)/(-12) - 15)*326*-1. What is the highest common divisor of k and 96?
4
Let z = 22322 - -2578. What is the greatest common factor of 150 and z?
150
Let k be (2710 + -5)*(-14)/35. Let j = k + 1174. Let q = 0 + 23. What is the highest common divisor of j and q?
23
Let t = -3066 - -3071. Suppose 40 = -2*v + 4*v. Calculate the highest common factor of t and v.
5
Let g(n) = -2*n - 8*n + 9*n + 54 + 7*n. Let v be g(-8). What is the greatest common divisor of v and 66?
6
Let q be (-8)/(-3) + (-5)/(-15). Let k = -22 - -98. Suppose 3*y - k = -4*o - y, o + 1 = q*y. What is the highest common divisor of 98 and o?
14
Let r(w) = -w**3 - 7*w**2 - 13*w - 15. Let y be r(-8). What is the highest common divisor of 1962 and y?
9
Let b be (1/4)/(23/460)*1. Let u be ((-8)/(-3))/(18/27). Suppose -3*j - 26 = -u*a - 68, 4*j - 37 = -a. Calculate the greatest common divisor of j and b.
5
Let p be ((-6)/1 - (-60)/12)*-17. Suppose a + q - p = 0, 3*a - q - 30 - 17 = 0. What is the highest common divisor of a and 1264?
16
Suppose 225 + 19 = 122*a. What is the highest common factor of a and 842?
2
Suppose -52*m + 49*m = -27. Suppose -m*n + 11*n = 3*b - 157, 2*b - 106 = 2*n. Calculate the highest common divisor of b and 561.
51
Let o be ((-88)/(-55))/(2/55 - 0). Let g = o + -40. Suppose 0 = -4*p + g*b + 9 + 3, -2*p + 26 = 3*b. What is the highest common factor of p and 7?
7
Let w be 665 - (-8 + (-2 - (-8 + 5))). Calculate the greatest common factor of w and 24.
24
Suppose -7*q - 13 = 50. Let m be (-2)/q*(-18)/(-2). Calculate the highest common factor of 94 and m.
2
Let l(v) be the third derivative of -v**6/120 + 17*v**5/30 - 5*v**4/4 - 17*v**3/2 - 66*v**2. Let i be l(33). What is the greatest common factor of i and 112?
16
Suppose a = -2*a - 4*y + 108, -3*a + 99 = y. Let f be 1072/670 - 6/(-15). What is the highest common factor of a and f?
2
Let m(c) = 11*c**2 - 42*c + 52. Let n be m(-23). What is the greatest common factor of 43 and n?
43
Let v be -7*(2 + (-36)/14). Suppose 3*f = -0*d + 4*d + 228, 4*f - 228 = v*d. Let l = 122 + d. Calculate the highest common divisor of 13 and l.
13
Let z be 3*30/(-9)*4/(-5)*1. Let y = 82 - 55. Suppose -101 = -q + y. Calculate the highest 